= 2*w. Let l(z) = 10 + 2*z**2 - 2*z**2 + z**2 - 9*z. Let q(k) = k**2 - 10*k + 8. Let f be q(10). Let h be l(f). Calculate x(h).
4
Let n(k) = 2*k**2 + 1. Let t be n(-1). Let g(d) be the second derivative of 1/3*d**3 - 10*d + 0 + 1/6*d**4 + d**2 - 1/20*d**5. Give g(t).
-1
Suppose 4*r + r + 30 = 0. Let t = 3 + r. Let h(c) = c - 1. Let q(l) = -l - 6. Let j(s) = 2*h(s) - q(s). Give j(t).
-5
Let h(u) be the first derivative of -u**4/4 - 4*u**3/3 - u**2 - 4*u + 1. Let q = -81 - -78. Calculate h(q).
-7
Let l(q) = 1 - 4*q - 4 + 1. Let d(f) = -f**2 - 5*f - 6. Let w be d(-4). Give l(w).
6
Let i(u) = -5*u - 2 - u**2 + u**2 - 3 + u**2. Let f be (1 + -6)*(-2)/5. Suppose -2*w - f*w = -20. Determine i(w).
-5
Suppose -4*q + 1 = 5*o - 7, 0 = 5*o + 3*q - 11. Let p(j) = -j**2 + 5*j - 6. What is p(o)?
-2
Let p(r) = 2*r**2 - r. Let h = -6 - -6. Let n = 1 - h. Determine p(n).
1
Let y(s) = 3*s + 3. Suppose -2*v + 8 = -6*v. What is y(v)?
-3
Let k(v) = 9*v**3 - 272*v + v**2 + 1 + 0 + 274*v. What is k(-1)?
-9
Let u(z) be the second derivative of -z**6/720 - 13*z**5/120 + z**4/4 - 4*z. Let j(s) be the third derivative of u(s). Determine j(0).
-13
Let v = 124 - 136. Let b(q) = -2*q - 17. Calculate b(v).
7
Suppose 2*j = 3*j + 5. Let r(w) = 3*w**3 + 18*w**2 + 18*w + 14. Let t(a) = -a**3 - 6*a**2 - 6*a - 5. Let z(l) = -4*r(l) - 11*t(l). Calculate z(j).
4
Let k(c) = -c - 8. Let v be k(-8). Suppose 5*y + 22 = -n, -5*n - 3*y = -v*y. Let f(q) be the third derivative of q**4/8 - 2*q**3/3 - 2*q**2. Determine f(n).
5
Let g be -2 - -1 - (-2 - 3). Suppose g*q = -8, v + 7 = -q - 0*q. Let f(t) = -5 + 4 - t - 2. Calculate f(v).
2
Suppose 1 = 5*o - 4. Let m be 3/(-2)*(-1 - o). Let f(r) = -3*r**3 + m*r**2 + 2*r**3 - 7*r**2. What is f(-4)?
0
Let b(v) = -v**3 - 4*v**2 - 3*v - 2. Let g(n) = 3*n - 35. Let z be g(11). Determine b(z).
-4
Let d(t) be the first derivative of -3*t**2/2 - 4. Calculate d(-2).
6
Let n = 14 + -8. Let r(a) = 0*a - 7 + n*a**2 - 5*a**2 - 6*a. Determine r(6).
-7
Let j(i) be the third derivative of -i**5/60 + i**2. Let v(w) = w**3 + 12*w**2 - 1. Let t be v(-12). Let p be 1 - (0 + 3 + t). What is j(p)?
-1
Let x(l) be the first derivative of -l**5/40 - l**4/24 + 2*l**3/3 + 4. Let q(o) be the third derivative of x(o). What is q(-1)?
2
Let o(l) = 7*l - 32*l + 15*l + 12*l + 6. Calculate o(-5).
-4
Let g(r) = 9*r + 1. Let l be g(1). Let h(v) = v**2 + 2 + v - 8 + l*v. Let c be h(-11). Let q(w) = -w**3 - 6*w**2 - w - 1. Calculate q(c).
5
Let z = -9 - -9. Suppose z*x - 3*x = 0. Let d(b) = -b**2 - 18. Determine d(x).
-18
Let y(h) = 2*h - 4. Let a = 20 - 17. Calculate y(a).
2
Let u(z) = -z**3 + 9*z**2 - 5*z - 31. Let t be u(8). Let x(f) = f + 9. Determine x(t).
2
Let a(t) be the third derivative of 1/24*t**4 + 0*t + 0 - 4*t**2 + 1/6*t**3. Calculate a(-3).
-2
Suppose -127 + 131 = f. Let x(q) = q + 4. Calculate x(f).
8
Let z(c) = c**3 - 5*c**2 + 5*c - 3. Suppose -8 = 4*v - 6*v. Let r(f) be the third derivative of f**4/24 - f**3/6 + 3*f**2. Let l be r(v). Calculate z(l).
-6
Let z(u) be the third derivative of -u**5/60 - 5*u**4/24 - 7*u**3/6 - 2*u**2. Give z(-5).
-7
Let d(y) = -2*y**2 + 3*y. Let b(u) = -3*u**2 + 5*u - 1. Let r = 1 - -4. Let j(z) = r*d(z) - 3*b(z). Let q(k) be the first derivative of j(k). What is q(-4)?
8
Let i(j) be the second derivative of -j**3/3 + j**2/2 + 12*j. Determine i(3).
-5
Let t = 28 - 30. Let y(z) = 4*z**2 + z - 2. Calculate y(t).
12
Suppose c = -4 + 1. Let n = -2 - c. Let a(m) = -21*m**2 + 7. Let y(t) = 10*t**2 - 3. Let z(w) = 2*a(w) + 5*y(w). Give z(n).
7
Suppose s = -2*s + 6. Suppose s*o - 2 = 18. Let v(r) = r**2 + r**3 - 2*r + o + r - 3. What is v(0)?
7
Let j = -2 - 0. Let l = -4 - j. Let g(i) = -i**3 - i**2 - 4*i - 3. Determine g(l).
9
Let j(v) = -2*v**2 - 5*v + 4. Let x(c) = 4*c**2 + 8 - 10*c - 5*c**2 - 2*c**2. Let o(k) = -7*j(k) + 4*x(k). Determine o(3).
7
Let o(a) = a**2 - a - 1. Let f(v) = -4*v**2 + 2*v + 7. Let w(g) = -f(g) - 5*o(g). Determine w(2).
0
Let d be (2/(-6))/((-1)/9). Suppose 3*f = 2*f + d*x - 10, x = 5. Let p(o) = 6 - 2 - 4*o + o**2 - 3*o. Give p(f).
-6
Let q(f) = -8*f**2 + f. Let v(j) = -8*j**2 + 2*j. Let p(l) = -3*q(l) + 2*v(l). Determine p(-1).
7
Suppose 0 = -4*h + o - 36, 3*o + 11 = -2*h - 7. Let s = 2 - h. Let n(y) = -2*y**2 + 3*y**2 + s - 3. Calculate n(0).
8
Let h(z) = -z**3 - 3*z**2 + 3*z + 4. Let v = 15 + -6. Suppose -f + 4*f + v = 0. Give h(f).
-5
Let n(a) = 7*a**2 - a + 1. Suppose -3*y + 0*y = 5*d + 35, 15 = -3*y. Let r be ((-1)/d)/((-4)/(-16)). What is n(r)?
7
Let d(r) = r**3 - 5*r**2 - 6*r + 6. Suppose 8*o - 30 = 3*o. Suppose 0 = 5*b - 4*i - 30, 0 = 2*b - b - 2*i - o. Calculate d(b).
6
Let b = -25 + 29. Let t(p) be the second derivative of 7/2*p**2 - 1/12*p**b + 0 + 2*p + 1/3*p**3. Calculate t(5).
-8
Let r(m) = m**2 - 4*m - 1. Suppose -4*d - 5 - 187 = 0. Let p be d/(-5) + 4/10. Suppose -3*s + p + 2 = 0. Calculate r(s).
-1
Let a(q) = -26*q**2 - 26*q - 16. Let y(d) = 5*d**2 + 5*d + 3. Let p(c) = -3*a(c) - 16*y(c). Give p(2).
-12
Let c = -2 - -5. Let y(g) = 0*g + g + 4*g**c + 1 - g**2 - 5*g + 3*g. Determine y(1).
3
Suppose -2*h + 8 = -2*u - 0*u, 5*u = -4*h - 2. Suppose -5*t = h*g + 3 + 6, -2*g - 2*t = 0. Let p(y) = y**3 - 3*y**2 - 4*y + 4. What is p(g)?
-8
Let y(n) = n - 4. Let p be y(7). Let i(z) = -4*z + 1. Let t(u) = u - 1. Let f(o) = -o**2. Let c be f(-1). Let v(x) = c*i(x) - 2*t(x). Give v(p).
7
Let l = 5 - 10. Let n(t) = t + 10. Calculate n(l).
5
Suppose o - 4*o = 18. Let t(u) be the third derivative of u**5/60 + 5*u**4/24 + u**3/6 - 4*u**2. Calculate t(o).
7
Let k be -7*(-1 - (-1 - -1)). Let p be 2/3 - 25/(-3). Let f = p - k. Let y(h) = -2*h**2 + 2*h - 3. Give y(f).
-7
Let x(o) = -o**2 + o. Let b be x(-1). Let f = b + 5. Let c(t) = -t**3 + 5*t**2 - 5*t + 4. Determine c(f).
7
Let l(w) be the third derivative of -2/3*w**3 + 0*w + w**2 + 1/15*w**5 - 1/120*w**6 + 1/24*w**4 + 0. Let c = -17 + 21. Calculate l(c).
0
Let c(k) = -3*k + 2. Let u be c(2). Let b be (u/16)/((-2)/8). Suppose v + 4 = b. Let f(q) = -q**3 - 4*q**2 - q - 2. What is f(v)?
-8
Let f(v) be the third derivative of 1/60*v**5 + 0*v + 0 + 5/6*v**3 + v**2 - 7/24*v**4. Let l(y) = y**2 + 2*y - 4. Let b be l(-4). What is f(b)?
-7
Let f(u) be the third derivative of -u**6/10 + u**4/24 - 12*u**2. Determine f(-1).
11
Let c(v) = 2*v - 4. Suppose 2*w - 3 = 5*a, -w - 3 = -a - 6. Give c(w).
4
Let a(z) = 3*z + 5*z**2 - 4*z - 2*z**2. Suppose 9*h = 13*h + 4. What is a(h)?
4
Suppose j = -2*f, j - 4*f + 8 = -j. Let t be -5 - (-3 + (1 - j)). Let c(r) = -r**2 - 5*r + 7. Calculate c(t).
7
Let h = -9 + 11. Let v(i) = 2*i**3 - 2 + i**3 - 2*i**2 + 4. Give v(h).
18
Let m(l) = -99*l - 99*l + 199*l. Calculate m(0).
0
Let o be 3/(-12) - 36/(-16). Let s(n) = o*n - 1 - 11*n + 11*n. Determine s(-1).
-3
Let b(a) = 11*a**2 - a - 4. Let m(c) = -c**2 + 1. Let k(p) = b(p) + 6*m(p). Determine k(2).
20
Let z = -1 - -4. Let c be 1 + ((-4)/(-2) - z). Suppose 3*r - 1 + 4 = c. Let d(t) = -5*t**3 - 1. Calculate d(r).
4
Let d = 23 - 16. Let r(l) = -1 + d + l + 1 - 3. Determine r(-5).
-1
Let g be 20*((-24)/15 - -2). Let s(n) = 5*n + 3. Let a(z) = 3*z + 2. Let b(v) = g*a(v) - 5*s(v). Suppose -f = i - 4, 5*i - f = -3*f + 8. Determine b(i).
1
Let t(l) = -9 - 9*l + 23 - 13. Suppose -11 = 5*f + 4*c, 4*f - 4*c = -5*c. Determine t(f).
-8
Let h(d) = 2*d - 7. Suppose 0 = -3*q + q - 10. Determine h(q).
-17
Let w(o) = -o + 8. Suppose 2*c - 4*b + 26 - 2 = 0, 4*c + 5*b + 9 = 0. What is w(c)?
14
Let k(y) = 3*y**2 + y + 1. Suppose 0 = 4*l + 4*u + 20, -5*l + 0*l = u + 5. Suppose -2 - 1 = -m. Suppose l = 2*i - 4*h + 6, -m*h - h = -3*i - 7. Give k(i).
3
Let c(p) be the second derivative of p**5/20 + p**4/2 + 5*p**3/6 + p**2/2 - 8*p. Determine c(-5).
1
Let t(c) = -c**3 - 7*c**2 - 4*c + 4. Let a be (6/4)/(10/(-40)). Determine t(a).
-8
Let p(m) = -4 + 1 - 4 - 9*m + 1 + 10*m**2 - m**3. What is p(9)?
-6
Suppose -q - q = -6. Let w(p) = -3*p - 2. Give w(q).
-11
Let a = -22 - -13. Let d = a + 5. Let r(k) = -k**3 - 1 - 4*k**2 - 2 + 0*k**3 - 2. Give r(d).
-5
Suppose -h - 3 = -0. Let i(z) = 1 - 4*z - 2 - 2 + 3*z. Calculate i(h).
0
Let b(v) = -2*v - 1. Let i(m) = m**3 - 2*m**2 - 2*m + 1. Let y be i(3). Let a be -4 - (-2 + y - 3). Give b(a).
5
Let y(z) = 2*z**2 + 2*z - 1. Let t(p) = -p**2 + p + 2. Let c be t(2). Suppose -2*k = 4, 